{"id":883,"date":"2024-01-21T01:34:25","date_gmt":"2024-01-21T00:34:25","guid":{"rendered":"http:\/\/lachende.prognocon.cz\/?page_id=883"},"modified":"2024-01-21T01:34:25","modified_gmt":"2024-01-21T00:34:25","slug":"kohlaas-terror","status":"publish","type":"page","link":"https:\/\/lachendebestien.kupodivu.cz\/subdom\/lachendebestien\/?page_id=883","title":{"rendered":"KOHLAAS TERROR"},"content":{"rendered":"\n<div class=\"wp-block-columns is-layout-flex wp-container-core-columns-is-layout-9d6595d7 wp-block-columns-is-layout-flex\">\n<div class=\"wp-block-column is-layout-flow wp-block-column-is-layout-flow\">\n<p>sc\u00e9n\u00e1\u0159: Michal H\u00e1ba, Adriana Kubi\u0161tov\u00e1-M\u00e1\u010dikov\u00e1<\/p>\n\n\n\n<p>re\u017eie: Michal H\u00e1ba<\/p>\n\n\n\n<p>dramaturgie: Adriana Kubi\u0161tov\u00e1-M\u00e1\u010dikov\u00e1<\/p>\n\n\n\n<p>dramaturgick\u00e1 spolupr\u00e1ce: Jan Ka\u010dena<\/p>\n\n\n\n<p>sc\u00e9nografie a video: Marek Bro\u017eek<\/p>\n\n\n\n<p>hudba: Vladim\u00edr Mikl\u00e1\u0161, Du\u0161an \u010cernak<\/p>\n\n\n\n<p>hraj\u00ed: Adriana M\u00e1\u010dikov\u00e1&nbsp;Kubi\u0161tov\u00e1 , Marie \u0160vestkov\u00e1, Michal H\u00e1ba<\/p>\n\n\n\n<hr class=\"wp-block-separator has-alpha-channel-opacity\"\/>\n\n\n\n<p>Chci zp\u00e1tky svoje kon\u011b, v\u0161echny svoje kr\u00e1sn\u00e9 a dob\u0159e \u017eiven\u00e9 kon\u011b.<\/p>\n\n\n\n<p>Jen si je vem zp\u00e1tky, ty svoje herky, tady je m\u00e1\u0161, tu svou state\u010dnost a um\u011b\u0159enost, ty rozume.<br>Was? Mande? Co\u017ee? Tohle nejsou moji kon\u011b. Cht\u011bl jsem b\u00fdt \u0159\u00e1dn\u00fd ob\u010dan, ale vypad\u00e1 to, \u017ee to tady budu muset v\u0161echno podp\u00e1lit.&nbsp;<\/p>\n<\/div>\n\n\n\n<div class=\"wp-block-column is-layout-flow wp-block-column-is-layout-flow\">\n<figure class=\"wp-block-image size-full\"><img loading=\"lazy\" decoding=\"async\" width=\"678\" height=\"960\" src=\"http:\/\/lachende.prognocon.cz\/wp-content\/uploads\/2024\/01\/kolhaas.jpg\" alt=\"\" class=\"wp-image-884\" srcset=\"https:\/\/lachendebestien.kupodivu.cz\/subdom\/lachendebestien\/wp-content\/uploads\/2024\/01\/kolhaas.jpg 678w, https:\/\/lachendebestien.kupodivu.cz\/subdom\/lachendebestien\/wp-content\/uploads\/2024\/01\/kolhaas-212x300.jpg 212w\" sizes=\"auto, (max-width: 678px) 100vw, 678px\" \/><\/figure>\n<\/div>\n<\/div>\n","protected":false},"excerpt":{"rendered":"<p>sc\u00e9n\u00e1\u0159: Michal H\u00e1ba, Adriana Kubi\u0161tov\u00e1-M\u00e1\u010dikov\u00e1 re\u017eie: Michal H\u00e1ba dramaturgie: Adriana Kubi\u0161tov\u00e1-M\u00e1\u010dikov\u00e1 dramaturgick\u00e1 spolupr\u00e1ce: Jan Ka\u010dena sc\u00e9nografie a video: Marek Bro\u017eek hudba: Vladim\u00edr Mikl\u00e1\u0161, Du\u0161an \u010cernak hraj\u00ed: Adriana M\u00e1\u010dikov\u00e1&nbsp;Kubi\u0161tov\u00e1 , Marie \u0160vestkov\u00e1,<a class=\"moretag\" href=\"http:\/\/lachende.prognocon.cz\/?page_id=388\">&#8230;v\u00edce<\/a><\/p>\n","protected":false},"author":1,"featured_media":0,"parent":0,"menu_order":0,"comment_status":"closed","ping_status":"closed","template":"","meta":{"footnotes":""},"class_list":["post-883","page","type-page","status-publish","hentry"],"_links":{"self":[{"href":"https:\/\/lachendebestien.kupodivu.cz\/subdom\/lachendebestien\/index.php?rest_route=\/wp\/v2\/pages\/883","targetHints":{"allow":["GET"]}}],"collection":[{"href":"https:\/\/lachendebestien.kupodivu.cz\/subdom\/lachendebestien\/index.php?rest_route=\/wp\/v2\/pages"}],"about":[{"href":"https:\/\/lachendebestien.kupodivu.cz\/subdom\/lachendebestien\/index.php?rest_route=\/wp\/v2\/types\/page"}],"author":[{"embeddable":true,"href":"https:\/\/lachendebestien.kupodivu.cz\/subdom\/lachendebestien\/index.php?rest_route=\/wp\/v2\/users\/1"}],"replies":[{"embeddable":true,"href":"https:\/\/lachendebestien.kupodivu.cz\/subdom\/lachendebestien\/index.php?rest_route=%2Fwp%2Fv2%2Fcomments&post=883"}],"version-history":[{"count":1,"href":"https:\/\/lachendebestien.kupodivu.cz\/subdom\/lachendebestien\/index.php?rest_route=\/wp\/v2\/pages\/883\/revisions"}],"predecessor-version":[{"id":885,"href":"https:\/\/lachendebestien.kupodivu.cz\/subdom\/lachendebestien\/index.php?rest_route=\/wp\/v2\/pages\/883\/revisions\/885"}],"wp:attachment":[{"href":"https:\/\/lachendebestien.kupodivu.cz\/subdom\/lachendebestien\/index.php?rest_route=%2Fwp%2Fv2%2Fmedia&parent=883"}],"curies":[{"name":"wp","href":"https:\/\/api.w.org\/{rel}","templated":true}]}}