{"id":874,"date":"2024-01-21T01:28:32","date_gmt":"2024-01-21T00:28:32","guid":{"rendered":"http:\/\/lachende.prognocon.cz\/?page_id=874"},"modified":"2024-01-21T01:28:32","modified_gmt":"2024-01-21T00:28:32","slug":"sezuan-basierend-auf-brecht","status":"publish","type":"page","link":"https:\/\/lachendebestien.kupodivu.cz\/subdom\/lachendebestien\/?page_id=874","title":{"rendered":"SEZUAN (BASIEREND AUF BRECHT)"},"content":{"rendered":"\n<div class=\"wp-block-columns is-layout-flex wp-container-core-columns-is-layout-9d6595d7 wp-block-columns-is-layout-flex\">\n<div class=\"wp-block-column is-layout-flow wp-block-column-is-layout-flow\">\n<p>Hraj\u00ed: Mark\u00e9ta Dvo\u0159\u00e1kov\u00e1, Adriana Kubi\u0161tov\u00e1 M\u00e1\u010dikov\u00e1, Johana Schmidtmajerov\u00e1, Marie \u0160vestkov\u00e1 a Jind\u0159ich \u010c\u00ed\u017eek<br>Sc\u00e9nografie: Adriana \u010cern\u00e1<br>Hudba: Jind\u0159ich \u010c\u00ed\u017eek<br>Re\u017eie: Michal H\u00e1ba<\/p>\n\n\n\n<p>\/inscenace nominovan\u00e1 na Cenu Josefa Balv\u00edna 2017\/<\/p>\n\n\n\n<p>&#8222;Ping pong panda jina\u00b4n\u00b4jang \u2013 provincie Se\u010duan&#8220;<\/p>\n\n\n\n<p>&#8222;Basierend auf Brecht&#8220;<\/p>\n\n\n\n<p>Nov\u00fd autorsk\u00fd projekt divadeln\u00ed skupiny Lachende Bestien zalo\u017een\u00fd na Brechtov\u011b Dobr\u00e9m \u010dlov\u011bku ze Se\u010duanu a jeho teoretick\u00fdch textech. \u010cty\u0159i here\u010dky na jevi\u0161ti na p\u016fdorysu Brechtovy hry vypov\u00eddaj\u00ed o feminismu, l\u00e1sce, kapitalismu a \u017eivot\u011b v pravd\u011b dnes.<\/p>\n\n\n\n<p>Demonstrace, politika a Verfremdungseffekt.<\/p>\n\n\n\n<p>Premi\u00e9ra 26.5.2017 ve Venu\u0161i ve \u0160vehlovce<\/p>\n<\/div>\n\n\n\n<div class=\"wp-block-column is-layout-flow wp-block-column-is-layout-flow\">\n<figure class=\"wp-block-image size-full\"><img loading=\"lazy\" decoding=\"async\" width=\"684\" height=\"960\" src=\"http:\/\/lachende.prognocon.cz\/wp-content\/uploads\/2024\/01\/sezuan.jpg\" alt=\"\" class=\"wp-image-875\" srcset=\"https:\/\/lachendebestien.kupodivu.cz\/subdom\/lachendebestien\/wp-content\/uploads\/2024\/01\/sezuan.jpg 684w, https:\/\/lachendebestien.kupodivu.cz\/subdom\/lachendebestien\/wp-content\/uploads\/2024\/01\/sezuan-214x300.jpg 214w\" sizes=\"auto, (max-width: 684px) 100vw, 684px\" \/><\/figure>\n<\/div>\n<\/div>\n","protected":false},"excerpt":{"rendered":"<p>Hraj\u00ed: Mark\u00e9ta Dvo\u0159\u00e1kov\u00e1, Adriana Kubi\u0161tov\u00e1 M\u00e1\u010dikov\u00e1, Johana Schmidtmajerov\u00e1, Marie \u0160vestkov\u00e1 a Jind\u0159ich \u010c\u00ed\u017eekSc\u00e9nografie: Adriana \u010cern\u00e1Hudba: Jind\u0159ich \u010c\u00ed\u017eekRe\u017eie: Michal H\u00e1ba \/inscenace nominovan\u00e1 na Cenu Josefa Balv\u00edna 2017\/ &#8222;Ping pong panda jina\u00b4n\u00b4jang \u2013<a class=\"moretag\" href=\"http:\/\/lachende.prognocon.cz\/?page_id=388\">&#8230;v\u00edce<\/a><\/p>\n","protected":false},"author":1,"featured_media":0,"parent":0,"menu_order":0,"comment_status":"closed","ping_status":"closed","template":"","meta":{"footnotes":""},"class_list":["post-874","page","type-page","status-publish","hentry"],"_links":{"self":[{"href":"https:\/\/lachendebestien.kupodivu.cz\/subdom\/lachendebestien\/index.php?rest_route=\/wp\/v2\/pages\/874","targetHints":{"allow":["GET"]}}],"collection":[{"href":"https:\/\/lachendebestien.kupodivu.cz\/subdom\/lachendebestien\/index.php?rest_route=\/wp\/v2\/pages"}],"about":[{"href":"https:\/\/lachendebestien.kupodivu.cz\/subdom\/lachendebestien\/index.php?rest_route=\/wp\/v2\/types\/page"}],"author":[{"embeddable":true,"href":"https:\/\/lachendebestien.kupodivu.cz\/subdom\/lachendebestien\/index.php?rest_route=\/wp\/v2\/users\/1"}],"replies":[{"embeddable":true,"href":"https:\/\/lachendebestien.kupodivu.cz\/subdom\/lachendebestien\/index.php?rest_route=%2Fwp%2Fv2%2Fcomments&post=874"}],"version-history":[{"count":1,"href":"https:\/\/lachendebestien.kupodivu.cz\/subdom\/lachendebestien\/index.php?rest_route=\/wp\/v2\/pages\/874\/revisions"}],"predecessor-version":[{"id":876,"href":"https:\/\/lachendebestien.kupodivu.cz\/subdom\/lachendebestien\/index.php?rest_route=\/wp\/v2\/pages\/874\/revisions\/876"}],"wp:attachment":[{"href":"https:\/\/lachendebestien.kupodivu.cz\/subdom\/lachendebestien\/index.php?rest_route=%2Fwp%2Fv2%2Fmedia&parent=874"}],"curies":[{"name":"wp","href":"https:\/\/api.w.org\/{rel}","templated":true}]}}